{"id":3582,"date":"2023-02-08T16:56:12","date_gmt":"2023-02-08T15:56:12","guid":{"rendered":"https:\/\/sassfrance.fr\/?page_id=3582"},"modified":"2026-02-14T02:20:03","modified_gmt":"2026-02-14T01:20:03","slug":"manuel-sass","status":"publish","type":"page","link":"https:\/\/sassfrance.fr\/index.php\/formation\/manuel-sass\/","title":{"rendered":"Manuel SASS"},"content":{"rendered":"<h3><span style=\"font-family: 'arial black', 'avant garde';\">Documents Anglais :<\/span><\/h3>\n<p><span style=\"font-size: 14pt;\">Pour les Manuels SASS en Anglais :\u00a0<\/span><span style=\"font-size: 14pt;\"><strong><span style=\"color: #0000ff;\"><a style=\"color: #0000ff;\" href=\"https:\/\/www.sassnet.com\/the-shooting\/cowboy-action-shooting\/handbooks-rules\">http:\/\/www.sassnet.com<\/a><\/span><\/strong><\/span><\/p>\n<hr \/><hr \/>\n<h3><span style=\"font-family: 'arial black', 'avant garde';\">Documents Fran\u00e7ais :<\/span><\/h3>\n<p><span style=\"font-size: 14pt;\">Les Traductions Fran\u00e7aises des Manuels SASS seront mis sur cette page au fur et \u00e0 mesure de leur disponibilit\u00e9.<\/span><\/p>\n<ul>\n<li><a href=\"https:\/\/sassfrance.fr\/index.php\/download\/manuel-du-tireur_fr_v-28-2026\/?wpdmdl=5178&amp;masterkey=OA9MHCJh4xoS68djLN932q_ygHIB8WE0KnhlmDNR3YOFLCBnFxy3ojNbV4rrtFTgfvcfIKkbJb7U6ZnUZuroZFqw8t0PTDp4qu_TykI184Zg\"><em><strong><span style=\"font-family: Sancreek; font-size: 14pt;\"><span style=\"font-family: 'trebuchet ms', geneva;\"><span style=\"color: #0000ff;\">CAS &#8211; Manuel du Tireur &#8211; \u00a0V. Fran\u00e7ais V28 &#8211; Janvier 2026<\/span>\u00a0<\/span><\/span><\/strong><\/em><\/a><\/li>\n<li><a href=\"https:\/\/sassfrance.fr\/index.php\/download\/wb_manuel-du-tireur_fr_2025_vers-17-5-rev1\/?wpdmdl=5281&amp;masterkey=O7BjjnuvCH9Sxxu44_5utZfwlFy0Zvv0V1DB6sdQaVd95lmVxstX2gYn2_okYRI1iCuLvzda8bX48NaN24pCiXixyv4wLzEnY6WTsyApyaRA\"><em><strong><span style=\"font-family: Sancreek; font-size: 14pt;\"><span style=\"font-family: 'trebuchet ms', geneva;\"><span style=\"color: #0000ff;\">WB &#8211; Manuel du Tireur &#8211; \u00a0V. Fran\u00e7ais V17.5 &#8211; Mai 2025<\/span>\u00a0<\/span><\/span><\/strong><\/em><\/a><\/li>\n<li>\u00a0<\/li>\n<\/ul>\n<p><span style=\"font-size: 14pt;\">Pour Information : Anciens Manuels ROI et ROII version Fran\u00e7aise.<\/span><\/p>\n<ul>\n<li><a href=\"https:\/\/sassfrance.fr\/index.php\/download\/manuel-roi_fr_v28-5_2024\/?wpdmdl=4027&amp;masterkey=23PIYNwJLO3Yhige0ZnKr1g7owY7fIk0VAyGDJ_zP8qdrhwMcH_N_OVHz0iEuzdu4mko1nKS0RGu4L2ly7Q71WSzklZH-u3Kc_6wP2wfxHs\"><em><strong><span style=\"font-family: Sancreek; font-size: 14pt;\"><span style=\"color: #0000ff;\"><span style=\"font-family: 'trebuchet ms', geneva;\">Manuel ROI &#8211; Fran\u00e7ais VF 28.5 &#8211; 2024<\/span>\u00a0<\/span><\/span><\/strong><\/em><\/a><\/li>\n<\/ul>\n<ul>\n<li><a href=\"https:\/\/sassfrance.fr\/index.php\/download\/formation-manuel_fr_roii-v25-2023\/?wpdmdl=3565&amp;masterkey=63e11d6947b51\"><em><strong><span style=\"font-family: Sancreek; font-size: 14pt;\"><span style=\"color: #0000ff;\"><span style=\"font-family: 'trebuchet ms', geneva;\">Manuel ROII &#8211; Fran\u00e7ais VF 27 &#8211; 2024\u00a0<\/span><\/span><\/span><\/strong><\/em><\/a><\/li>\n<\/ul>\n<h3>=========================<\/h3>\n<h3><span style=\"font-family: 'arial black', 'avant garde';\">Documents Divers :<\/span><\/h3>\n<ul>\n<li><span style=\"font-family: 'trebuchet ms', geneva;\"><a href=\"https:\/\/sassfrance.fr\/index.php\/download\/categories-sass-2024\/?wpdmdl=4038&amp;masterkey=8LhksQgU_V416-vEbdhRXckjYZvgcACGNl-T-QIIcjphSphMKC1bmzGaDDahihytLABNrwyNbE3_Xn5_dOt1fVPiI2xYOH3fditj68kidao\"><strong><span style=\"font-size: 18px;\"><em><span style=\"color: #0000ff;\">Matrice Cat\u00e9gories SASS &#8211; 2026<\/span><\/em><\/span><\/strong><\/a><\/span><\/li>\n<\/ul>\n\n\n<p><\/p>\n","protected":false},"excerpt":{"rendered":"<p>Documents Anglais : Pour les Manuels SASS en Anglais :\u00a0http:\/\/www.sassnet.com Documents Fran\u00e7ais : Les Traductions Fran\u00e7aises des Manuels SASS seront mis sur cette page au fur et \u00e0 mesure de &hellip; <a class=\"readmore\" href=\"https:\/\/sassfrance.fr\/index.php\/formation\/manuel-sass\/\">Continue Reading &amp;amp;amp;amp;amp;amp;rarr;<\/a><\/p>\n","protected":false},"author":1,"featured_media":0,"parent":3560,"menu_order":0,"comment_status":"closed","ping_status":"closed","template":"","meta":{"footnotes":""},"class_list":["post-3582","page","type-page","status-publish","hentry"],"_links":{"self":[{"href":"https:\/\/sassfrance.fr\/index.php\/wp-json\/wp\/v2\/pages\/3582","targetHints":{"allow":["GET"]}}],"collection":[{"href":"https:\/\/sassfrance.fr\/index.php\/wp-json\/wp\/v2\/pages"}],"about":[{"href":"https:\/\/sassfrance.fr\/index.php\/wp-json\/wp\/v2\/types\/page"}],"author":[{"embeddable":true,"href":"https:\/\/sassfrance.fr\/index.php\/wp-json\/wp\/v2\/users\/1"}],"replies":[{"embeddable":true,"href":"https:\/\/sassfrance.fr\/index.php\/wp-json\/wp\/v2\/comments?post=3582"}],"version-history":[{"count":30,"href":"https:\/\/sassfrance.fr\/index.php\/wp-json\/wp\/v2\/pages\/3582\/revisions"}],"predecessor-version":[{"id":5284,"href":"https:\/\/sassfrance.fr\/index.php\/wp-json\/wp\/v2\/pages\/3582\/revisions\/5284"}],"up":[{"embeddable":true,"href":"https:\/\/sassfrance.fr\/index.php\/wp-json\/wp\/v2\/pages\/3560"}],"wp:attachment":[{"href":"https:\/\/sassfrance.fr\/index.php\/wp-json\/wp\/v2\/media?parent=3582"}],"curies":[{"name":"wp","href":"https:\/\/api.w.org\/{rel}","templated":true}]}}